*i = -4*g - 1 - 3, 8 = 2*i. Suppose 4*z = -20, g*o - z - 17 = -0*z. What are the prime factors of o?
3
Suppose -3*v = 3*x - 0*x - 114, 4*v - 3*x - 131 = 0. Suppose v = 4*n + n. What are the prime factors of n?
7
Let q(v) = -v**2 - 5*v - 4. Let p be q(-3). Suppose -p*d = -12 - 16. List the prime factors of d.
2, 7
Let p(l) be the first derivative of 2*l**3/3 - 2*l**2 - 5*l - 4. Let w be (-65)/(-15) + 2/(-6). List the prime factors of p(w).
11
List the prime factors of (1 - -2)/((-3129)/(-518) + -6).
2, 37
What are the prime factors of ((-1)/3)/((-3)/153)?
17
Let m be 9*((-6)/1 - -1). Let k be 6/10 - 18/m. Suppose 0 = 2*d - k - 15. What are the prime factors of d?
2
Suppose 4*l + l = -2*k + 40, 29 = 4*l + k. Let m(i) = -i**2 + 6*i + 2. Let p be m(l). Let s(n) = 4*n**2 - 1. List the prime factors of s(p).
3, 5
Let c(h) = -h**3 - 6*h**2 - 7*h - 5. Let t be c(-5). Let r = 1 + t. Suppose 0 = 3*q - r - 24. List the prime factors of q.
2, 5
Suppose 2*g = b - 5, g + 10 = -0*b + 3*b. Let r(n) = 12*n - 4. List the prime factors of r(b).
2
Suppose -4*l - 3*c = 9, 2*l + c - 4 = -9. Let g = 38 - 22. Let n = l + g. What are the prime factors of n?
13
List the prime factors of 4/(-12) - (-164)/6.
3
Let v(d) = d**3 + 5*d**2 - 4*d + 1. What are the prime factors of v(3)?
61
Suppose u - 31 - 5 = 0. List the prime factors of u.
2, 3
Let o(z) = 2*z**2 - 3*z + 1. Let u be o(2). Let y(s) = s**2 + 2*s + 1. List the prime factors of y(u).
2
Suppose -69 - 11 = -5*x. What are the prime factors of x?
2
Suppose 17*h - 1274 = 10*h. List the prime factors of h.
2, 7, 13
What are the prime factors of (-8)/(-4 + 2)*(-182)/(-2)?
2, 7, 13
Suppose -5 = i - y, -2*i - 2*i - 5*y = -16. List the prime factors of i - -20 - (4 + -2).
17
Let k(j) = 2*j + 1. Let a be k(1). Suppose x + 3*d - 9 = a, 5*x + 3*d - 60 = 0. What are the prime factors of 10 - (1 + x/(-3))?
13
Let v(x) = -x**3 + 17*x**2 - 14*x + 12. Let s be v(16). Suppose 41*g + 111 = s*g. List the prime factors of g.
37
Let i = -6 + 14. Let s = i - 4. List the prime factors of s.
2
Let v = -25 - -42. Suppose -4*t + v = 1. Suppose -40 = -t*o - o. What are the prime factors of o?
2
Suppose -2*p + 3 = -p, -4*d - 2*p = -234. What are the prime factors of d?
3, 19
Suppose s = 2*y + 12, 0*s + 5*y + 21 = 2*s. Suppose -a - a + s = -5*f, -5*f = 2*a + 2. What are the prime factors of 22/a*(0 - -2)?
11
Suppose 3*q - 12 = 0, 5*u + q = 19 + 10. What are the prime factors of u?
5
Let m(i) be the third derivative of i**6/120 - i**5/5 - 13*i**4/24 + 19*i**3/6 - 5*i**2. List the prime factors of m(13).
19
Suppose -2*h = 3*n - 2*n + 8, n - 3*h - 17 = 0. Suppose -2*i = -i + n*z - 16, 0 = -4*i - 5*z + 76. What are the prime factors of i?
2, 3
Suppose -1216 = -6*b - 40. What are the prime factors of b?
2, 7
Suppose -3*n - 3*w - 4 = -19, n - 5 = -3*w. Let z = n + -3. List the prime factors of z.
2
Let i = -26 - -46. List the prime factors of i.
2, 5
Let m(f) = -f**3 + 3*f**2 - f - 2. Let a be m(2). Suppose -4*o + 192 = -u, o = -a*o - 4*u + 48. List the prime factors of o.
2, 3
Suppose 2*c + 18 = c. Let n = 43 + c. What are the prime factors of n?
5
Let j = 91 + -46. List the prime factors of j.
3, 5
Let v(q) = q**2 - 4*q - 9. What are the prime factors of v(-6)?
3, 17
Suppose -3*i + 11 = 32. Let g = 16 + i. List the prime factors of g.
3
Suppose -18 = -2*k - k. What are the prime factors of (-4)/k - (-300)/18?
2
Let f(o) = 2*o**2 - o + 1. Let x be f(1). Let a be 4*6*x/16. What are the prime factors of a + -3 + (0 - -2)?
2
Let w(n) be the second derivative of -3/2*n**2 + 3*n - 4/3*n**3 + 1/12*n**4 + 0. List the prime factors of w(9).
2, 3
Let x = -7 - -8. Let q = 3 - x. Suppose 5*k = 2*w - 5, 0*w + q*k = w - 3. What are the prime factors of w?
5
Suppose -7 = -4*b + 9. Suppose 3*o - b*f - f - 129 = 0, -3*o + f = -117. List the prime factors of o.
2, 19
Let o(y) = -5*y**3 + y + 1. Let j(h) = -5*h**3 - h**2 + h + 1. Let w(q) = 2*j(q) - 3*o(q). Let g be w(-2). Let i = -28 - g. What are the prime factors of i?
19
Let j(x) = -49*x + 2. What are the prime factors of j(-3)?
149
Let j = -2 + 4. Suppose 0 = -j*n - 2*s, -5*s + 31 - 11 = n. What are the prime factors of ((-2)/n)/((-3)/(-90))?
2, 3
Let s be (-220)/(-3)*(-12)/(-10). Suppose 2*x + 3 = -v - 2*x, -4*x - s = -4*v. List the prime factors of v.
17
Let t(d) = 2*d**2. List the prime factors of t(9).
2, 3
Let q be -6*((-10)/(-6))/(-5). Suppose q*v + k = 38, -2*k + 60 = 3*v + k. List the prime factors of v.
2, 3
Let q = 6 + -4. Suppose -q*t - 1 = -7. Suppose 2*r - 5*b - 30 + 1 = 0, -37 = -4*r + t*b. What are the prime factors of r?
7
Let r = 126 - 86. Suppose 3*h + r - 142 = 0. List the prime factors of h.
2, 17
Suppose -4*z + l + 157 = 0, 2*z - l = 3*z - 33. Let p = -21 + z. List the prime factors of p.
17
Let w(g) = g**3 + 10*g**2 + 12*g - 1. Let k be w(-9). Let f = k - -40. List the prime factors of f.
2, 3
Let j(o) = -o**2 - 2*o + 2. Let a be j(2). Suppose -4*s + s + 48 = 0. Let q = s + a. List the prime factors of q.
2, 5
Let r = -6 + 31. List the prime factors of r.
5
Let q be 20/8 - (-2)/(-4). Suppose 4*p = 18 - q. List the prime factors of p.
2
Suppose 0 = -10*j + 11*j - 6. Suppose -5*i + 4*d - 5 = 0, -2*i - 22 = -j*i - 2*d. What are the prime factors of i?
3
Let s = -3 - 3. Let f be (-292)/s - (-4)/(-6). Suppose -f = -5*y + y. List the prime factors of y.
2, 3
Suppose 0 = -m - 3*p + 81, 0 = -4*m - 0*p + 3*p + 279. Suppose -3*o + m = 4*u, -5*u - o = -3*u - 34. List the prime factors of u.
3, 5
Let z = -23 - -90. What are the prime factors of z?
67
Let c(a) = a**2 + 7*a + 8. Let l be (2/(-5))/(2/30). Let j be c(l). What are the prime factors of (-9)/(-6) + 13/j?
2
Let z be (6/(-5))/(6/(-20)). Suppose -y = n - 4 + 2, z*n - 3*y = -20. List the prime factors of n/6 - 39/(-9).
2
Suppose -o - 4*u = 0, 0 = -4*o + 4*u - 5 + 25. Suppose -j + 6*j - l = 98, -5*l = -o*j + 70. List the prime factors of j.
2, 5
Let b(a) = -a**2 + 23*a - 25. List the prime factors of b(12).
107
Let w be 2 + -1 + 0 + 1. Let b(d) = 1 + d**2 + 3*d**w + 5*d**2 - 2*d. What are the prime factors of b(1)?
2
Suppose 5*t + 5*g = 30 + 80, 0 = -4*t - 5*g + 92. What are the prime factors of t?
2, 3
Let l(y) = -y**2 - 3*y + 4. What are the prime factors of l(-3)?
2
Let x be -1 + 37 - (3 - 2). Suppose 0 = -4*g - 17 - x. Let u = 23 + g. What are the prime factors of u?
2, 5
Suppose -5*q + 39 = -2*q. List the prime factors of q/1*1 + 3.
2
Suppose 350 = z + 3*z + 2*c, 5*z = 3*c + 410. What are the prime factors of z?
5, 17
Suppose -j + 136 = 3*p, -4*p = -2*j - 177 - 1. What are the prime factors of 710/p - (-6)/27?
2
Let x = 14 - -1. Let j = 30 - x. What are the prime factors of j?
3, 5
Let u(f) = f - 1. Let d be u(4). Suppose 2*c - d = c. Let j = c + 0. What are the prime factors of j?
3
Suppose 3*w - 50 - 472 = 0. List the prime factors of w.
2, 3, 29
Let c be 54/8 - 6/8. Let r = c + -10. What are the prime factors of (2 - (-21)/r)*-4?
13
Let s = 7 - 7. List the prime factors of 6 + (s - (-3)/1).
3
Let j = 4 - 1. Suppose 3*f = c - 11, -j*c + 5*f + 45 = 2*f. List the prime factors of c.
17
Suppose -3*o + 43 = -5*z + 10, -2*z + o = 14. Let i = 12 + z. List the prime factors of i.
3
Let c(t) be the second derivative of -t**3/2 - 3*t. Let n be c(-1). Suppose -65 = -4*s + 5*g, -n*s + 2*g + g = -45. What are the prime factors of s?
2, 5
Suppose -7*x + 10*x = 411. List the prime factors of x.
137
Suppose s - 6*s - 1160 = 0. Let y be (-1)/3 + s/(-12). Suppose -3*b = -2*w + 2*b + y, 11 = 2*w + 3*b. What are the prime factors of w?
7
Let f be ((-1)/(-4))/((-4)/(-80)). Suppose -4*p + 70 = -3*c, -f*p + 11 = 2*c - 88. List the prime factors of p.
19
Let j be (-2 - -1)/(2/(-6)). Suppose -w - j = -3*l + 1, 20 = -5*w - 5*l. Let x = w - -7. What are the prime factors of x?
3
List the prime factors of (-21)/84 + 457/4.
2, 3, 19
Let j = -13 + 22. List the prime factors of j.
3
Let c(f) = f**2 + 7*f + 18. What are the prime factors of c(-12)?
2, 3, 13
Let z be ((-2)/(-5))/(3/(-30)). List the prime factors of 6/z + (-15)/(-2).
2, 3
Let a(c) be the third derivative of -c**4/12 - 4*c**3/3 + 2*c**2. List the prime factors of a(-6).
2
Let b = 86 + -9. List the prime factors of b.
7, 11
Let z = 5 - 2. Suppose z*r = 5*r - 16. List the prime factors of r.
2
Suppose 6